 20357
What are the prime factors of 443035?
5, 88607
What are the prime factors of 125167?
7, 17881
List the prime factors of 361147.
409, 883
What are the prime factors of 845045?
5, 169009
List the prime factors of 1148702.
2, 19, 37, 43
What are the prime factors of 1631427?
3, 7, 77687
What are the prime factors of 3660658?
2, 73, 25073
List the prime factors of 552650.
2, 5, 7, 1579
What are the prime factors of 1626014?
2, 13, 62539
What are the prime factors of 1953637?
7, 19, 37, 397
List the prime factors of 216636.
2, 3, 7, 2579
What are the prime factors of 6220388?
2, 89, 101, 173
List the prime factors of 3266029.
13, 251233
List the prime factors of 21399351.
3, 7133117
What are the prime factors of 59121?
3, 6569
What are the prime factors of 446654?
2, 13, 41, 419
What are the prime factors of 262780?
2, 5, 7, 1877
List the prime factors of 14879592.
2, 3, 7, 13, 757
What are the prime factors of 2766576?
2, 3, 57637
List the prime factors of 8406563.
11, 764233
What are the prime factors of 314797?
7, 44971
What are the prime factors of 20734607?
53, 391219
What are the prime factors of 159136?
2, 4973
What are the prime factors of 412937?
7, 58991
What are the prime factors of 18433865?
5, 17, 12757
What are the prime factors of 3229789?
643, 5023
List the prime factors of 10376507.
59, 175873
List the prime factors of 446056.
2, 13, 4289
List the prime factors of 160978.
2, 80489
What are the prime factors of 2134736?
2, 101, 1321
What are the prime factors of 1010021?
17, 19, 53, 59
List the prime factors of 1051438.
2, 525719
What are the prime factors of 138788?
2, 13, 17, 157
What are the prime factors of 131327?
7, 73, 257
List the prime factors of 232609.
13, 29, 617
What are the prime factors of 30321?
3, 1123
What are the prime factors of 575581?
575581
List the prime factors of 2910225.
3, 5, 38803
What are the prime factors of 9834004?
2, 2458501
What are the prime factors of 2427031?
73, 33247
What are the prime factors of 840583?
103, 8161
List the prime factors of 78350.
2, 5, 1567
List the prime factors of 15451368.
2, 3, 17, 37871
List the prime factors of 17854250.
2, 5, 17, 4201
List the prime factors of 10700039.
7, 1528577
What are the prime factors of 944631?
3, 104959
What are the prime factors of 149667?
3, 7, 7127
What are the prime factors of 31889?
11, 13, 223
What are the prime factors of 947112?
2, 3, 19, 31, 67
List the prime factors of 7205097.
3, 1153, 2083
List the prime factors of 5947622.
2, 61, 48751
List the prime factors of 616786.
2, 59, 5227
What are the prime factors of 4137427?
7, 591061
What are the prime factors of 108374?
2, 7, 7741
List the prime factors of 4727511.
3, 311, 563
List the prime factors of 2473221.
3, 59, 89, 157
List the prime factors of 101237.
67, 1511
What are the prime factors of 3241952?
2, 7, 41, 353
What are the prime factors of 1639389?
3, 367, 1489
List the prime factors of 438716.
2, 67, 1637
List the prime factors of 250082.
2, 7, 17863
What are the prime factors of 12161088?
2, 3, 43, 491
List the prime factors of 409508.
2, 11, 41, 227
What are the prime factors of 1166572?
2, 11, 26513
What are the prime factors of 64732?
2, 16183
What are the prime factors of 20017356?
2, 3, 1668113
List the prime factors of 7670094.
2, 3, 17, 29, 2593
List the prime factors of 7044111.
3, 260893
What are the prime factors of 198312?
2, 3, 8263
List the prime factors of 7717165.
5, 47, 32839
List the prime factors of 2111615.
5, 11, 38393
What are the prime factors of 1217967?
3, 405989
List the prime factors of 724991.
724991
What are the prime factors of 39761790?
2, 3, 5, 479, 2767
What are the prime factors of 275525?
5, 103, 107
What are the prime factors of 274629?
3, 31, 2953
What are the prime factors of 509291?
113, 4507
What are the prime factors of 139139?
7, 11, 13, 139
List the prime factors of 2336587.
11, 37, 5741
List the prime factors of 3261225.
3, 5, 11, 59, 67
What are the prime factors of 1651799?
1019, 1621
List the prime factors of 13937400.
2, 3, 5, 29, 89
List the prime factors of 5298697.
5298697
List the prime factors of 139462.
2, 103, 677
List the prime factors of 9223566.
2, 3, 11, 29, 61, 79
List the prime factors of 273072.
2, 3, 5689
List the prime factors of 4735113.
3, 929, 1699
What are the prime factors of 23647?
13, 17, 107
List the prime factors of 531343.
531343
What are the prime factors of 1226346?
2, 3, 11, 17, 1093
List the prime factors of 821893.
151, 5443
List the prime factors of 1478152.
2, 13, 61, 233
What are the prime factors of 881404?
2, 220351
List the prime factors of 772540.
2, 5, 19, 107
List the prime factors of 8716167.
3, 35869
List the prime factors of 5825141.
7, 23, 97, 373
What are the prime factors of 29547684?
2, 3, 383, 2143
List the prime factors of 18905692.
2, 13, 27967
What are the prime factors of 3877070?
2, 5, 387707
What are the prime factors of 126300?
2, 3, 5, 421
List the prime factors of 1631547.
3, 181283
List the prime factors of 1076653.
23, 46811
What are the prime factors of 4900609?
7, 700087
List the prime factors of 230733.
3, 31, 827
List the prime factors of 1828594.
2, 89, 10273
List the prime factors of 9887677.
23, 429899
List the prime factors of 4777770.
2, 3, 5, 67, 2377
List the prime factors of 177757.
149, 1193
What are the prime factors of 204943?
29, 37, 191
What are the prime factors of 4866415?
5, 973283
What are the prime factors of 391258?
2, 7, 27947
List the prime factors of 856267.
23, 59, 631
List the prime factors of 540951.
3, 180317
List the prime factors of 262110.
2, 3, 5, 8737
What are the prime factors of 366116?
2, 91529
What are the prime factors of 1770818?
2, 7, 126487
List the prime factors of 958739.
958739
What are the prime factors of 5548399?
19, 292021
List the prime factors of 22256147.
1531, 14537
List the prime factors of 4170536.
2, 521317
What are the prime factors of 914198?
2, 457099
What are the prime factors of 5405131?
97, 103, 541
What are the prime factors of 1635842?
2, 13, 17, 3701
List the prime factors of 325321.
101, 3221
What are the prime factors of 15001866?
2, 3, 11, 75767
List the prime factors of 7614303.
3, 2538101
What are the prime factors of 4245766?
2, 7, 173, 1753
What are the prime factors of 74198?
2, 23, 1613
What are the prime factors of 988115?
5, 83, 2381
What are the prime factors of 154699?
154699
List the prime factors of 247223.
247223
List the prime factors of 153754.
2, 59, 1303
List the prime factors of 467430.
2, 3, 5, 15581
What are the prime factors of 627854?
2, 23, 13649
What are the prime factors of 2170090?
2, 5, 13, 16693
List the prime factors of 79060.
2, 5, 59, 67
List the prime factors of 7532914.
2, 23, 83, 1973
What are the prime factors of 4582579?
179, 25601
List the prime factors of 24459391.
11, 2223581
What are the prime factors of 8343508?
2, 19, 311, 353
What are the prime factors of 1225362?
2, 3, 331, 617
What are the prime factors of 424416?
2, 3, 4421
List the prime factors of 405050.
2, 5, 8101
What are the prime factors of 2628019?
1031, 2549
What are the prime factors of 20847618?
2, 3, 11, 11699
List the prime factors of 693641.
13, 229, 233
What are the prime factors of 7221550?
2, 5, 7, 47, 439
List the prime factors of 2031168.
2, 3, 71, 149
What are the prime factors of 1269279?
3, 11, 12821
List the prime factors of 315039.
3, 19, 5527
What are the prime factors of 2867109?
3, 7, 311, 439
What are the prime factors of 106865?
5, 11, 29, 67
What are the prime factors of 5344588?
2, 1013, 1319
List the prime factors of 8111702.
2, 4055851
List the prime factors of 422752.
2, 11, 1201
What are the prime factors of 243486?
2, 3, 167
List the prime factors of 7500072.
2, 3, 47, 61, 109
What are the prime factors of 26030200?
2, 5, 7, 18593
List the prime factors of 1998550.
2, 5, 39971
List the prime factors of 1075067.
7, 109, 1409
List the prime factors of 939548.
2, 31, 7577
List the prime factors of 702303.
3, 7, 53, 631
List the prime factors of 110714.
2, 197, 281
List the prime factors of 1766377.
23, 61, 1259
List the prime factors of 313024.
2, 67, 73
What are the prime factors of 884898?
2, 3, 7, 2341
List the prime factors of 502268.
2, 13, 743
What are the p